*m**2 + 35. Let p be n(-16). Let j(d) = 3*d**2 - 42*d - 275. What are the prime factors of j(p)?
2, 5, 193
Let r be (68/2 - 1)*2. Let j = -2590 - -2592. List the prime factors of (23067/r)/(3/j).
233
Suppose -597586 = -100*n + 54*n. List the prime factors of n.
11, 1181
Suppose w = 11*x + 2453, -6012 = -5*w + 5*x + 6453. What are the prime factors of w?
11, 227
Let t(s) = -s**2 - 7*s + 32. Let w be t(-10). Suppose 74 = 2*r + w*n, 3*r - 17 = 2*r - 5*n. Let a = 104 - r. What are the prime factors of a?
2, 31
Let v = 520 - 517. Let f(k) = 17*k**3 + 9*k**2 - k - 9. List the prime factors of f(v).
2, 3, 11
List the prime factors of (7614 - -9) + (-7 - 3).
23, 331
Let q(f) = -31520*f - 919. List the prime factors of q(-1).
71, 431
Let o(u) = u**2 + 8*u - 1. Let f be o(2). Suppose -20*q = -f*q - 79. List the prime factors of q.
79
Suppose -6*k + 36 = 3*k. Suppose k = 2*p + 14. List the prime factors of (-3)/(-2)*(7 + p + 0).
3
What are the prime factors of -9 + (13/(26/(-16)) - -8276)?
3, 2753
Let g(p) = 6*p**2 - 4. Let d be g(-2). Let h be (4302/15)/((4/2)/d). What are the prime factors of h/20 + 5 - (-4)/(-10)?
2, 37
List the prime factors of 27280 - 100*21/(-84).
5, 43, 127
Let v(l) = l - 22. Let d be v(18). Let r(q) = -48*q + 64. What are the prime factors of r(d)?
2
Suppose -16*l - 4*l + 655707 = 23*l. List the prime factors of l.
3, 13, 17, 23
Suppose 1597 - 12503 = -7*z. Suppose -5*t = 288 - z. What are the prime factors of t?
2, 127
Let y = -28 - -20. Let i(h) = 2*h**2 - 11*h - 4. Let o be i(y). Suppose 2*r - 120 = 4*m - 2*m, -4*r - 3*m = -o. List the prime factors of r.
2, 7
Suppose -2 + 0 = -t, 3*v - 601 = -2*t. Suppose z + 36820 = -15*z + 86*z. Suppose -5*x + z = -v. List the prime factors of x.
5, 29
Suppose s = -5*o + 65314, -63*s + 66*s + o - 195928 = 0. List the prime factors of s.
65309
Suppose -341*a = -343*a + 2*z + 12296, 2*z + 30755 = 5*a. List the prime factors of a.
3, 7, 293
Let g(b) = -b**3 + 19*b**2 - 164*b - 46. List the prime factors of g(-26).
2, 3, 23, 251
Let n(l) = 3*l**2 - 6*l - 103. Let m(d) = -d**2 + d - 2. Let s(b) = -4*m(b) - n(b). What are the prime factors of s(-32)?
3, 7, 17
What are the prime factors of (34022/(-1))/(-2)*(15 - 14)?
17011
Let x be 3/(-1) + 7 + 0. Suppose 3*i - x*w = 605, -2*w = 2*i - 196 - 226. What are the prime factors of i?
3, 23
Let h(b) = 4*b**2 - 25*b + 30. Suppose 18*c - 161 = 73. List the prime factors of h(c).
3, 127
Suppose 206*x - 207*x + 3*y + 51239 = 0, -4*y = 12. List the prime factors of x.
2, 5, 47, 109
Let u = 46 - 48. Let p be 1/((u/12)/(16/(-24))). Suppose -3*c + 615 = p*a, -5*c + 3*c + 310 = 2*a. What are the prime factors of a?
2, 3, 5
Let d = -100 - -150. List the prime factors of 1/(2/(-128))*d/(-8).
2, 5
Suppose -9*f + 17 = 8, -2*g = -2*f - 3184. What are the prime factors of g?
3, 59
Let q(k) be the first derivative of -11*k**4/2 + 2*k**3/3 - k**2/2 + 19. Let i be q(1). What are the prime factors of (i - 1)*50/(-20)?
5, 11
Let q(g) = 2*g**2 - 9*g + 7. Let k be q(4). Suppose k*c - c = -d + 1, 2*d + 4 = 2*c. What are the prime factors of c/4*1 - (-359)/4?
2, 3, 5
List the prime factors of (2 + -8 - -4)/(10/(-87605)).
7, 2503
Let y(u) = -1077 + 8*u + 2191 - 1005 + 3*u**2. List the prime factors of y(-15).
2, 83
Suppose y + 1397 = 4*h, 8*h - 359 = 7*h - 3*y. List the prime factors of (-1325)/2*-10*28/h.
2, 5, 53
Let n = 61 - 51. Suppose n*v = 5*v + 2200. Suppose -4*m + v = -64. List the prime factors of m.
2, 3, 7
Suppose -6*f + 142 = -2. Suppose -22*u = -f*u + 4. List the prime factors of 59 - 3/(-2)*u.
2, 31
Let h be (84 - (-25)/(-5))*-1. Let b = 453 - h. What are the prime factors of b?
2, 7, 19
Let b = -3 - -2. Let y be (-2)/3*264/16 + 6. List the prime factors of 54/1 + (0/b)/y.
2, 3
Suppose 54*c = 48*c + 56478. What are the prime factors of c?
9413
Let n(c) = 17*c**2 - 1057*c + 95. List the prime factors of n(-23).
3, 1237
Let j(d) = d**3 - 185*d**2 + 459*d - 884. What are the prime factors of j(183)?
5, 7, 461
List the prime factors of (-2)/(-1)*-1803*(-255)/306.
5, 601
Let u(k) = 52*k + 24. Let c be u(-15). Let r = c + 442. Let l = 460 + r. List the prime factors of l.
2, 73
Suppose -3 - 2 = -v + q, 0 = 4*v + 5*q - 2. Suppose 4*f + 5*l = 5*f - 3, 0 = v*f - 2*l - 22. Suppose 3*a - f*a = -345. What are the prime factors of a?
3, 23
Let c(s) = s**2 + 2*s - 2. Let h be c(-3). Let r be (0 - 2) + (5 - h). Suppose r*k + 1040 = 2*t + 2*t, 5*k + 528 = 2*t. List the prime factors of t.
7, 37
Let z = -464 - -468. Suppose n + 4*n = -m + 2825, -z*m = 0. List the prime factors of n.
5, 113
List the prime factors of (-188262)/(-9) - 440/(-40).
20929
Let c = 1474 + -2563. Let p be 3/2 + c/(-22). Suppose 4*f - 205 = p. What are the prime factors of f?
2
Let p(a) = a**2 - a - 17. Let f be p(-4). Suppose -5*i = f*t - 81, -5*i + 78 = -i - 2*t. List the prime factors of (102/i)/(-2 - 43/(-21)).
7, 17
Suppose -4*v = 4, -3*c + 7533 = v - 66971. What are the prime factors of c?
5, 4967
Suppose -9*b - 899 = 3106. Let c = -333 - b. List the prime factors of c.
2, 7
Let b = 1703 + 3129. What are the prime factors of b?
2, 151
Let z = 96934 + -63508. List the prime factors of z.
2, 3, 619
Suppose j + 3766 = -2*y + 5*y, 5*y - 3*j - 6282 = 0. Suppose 5*u - 4*w = -14 + y, -1210 = -5*u - 2*w. What are the prime factors of u?
2, 61
Let f = -66 - -62. Let h(c) = 24*c**2 - 18*c + 1. What are the prime factors of h(f)?
457
Let j = 515 + 2677. Let i(t) = -t**3 - 8*t**2 + 2*t + 26. Let x be i(-8). Suppose -j = -x*r - 1092. What are the prime factors of r?
2, 3, 5, 7
Suppose 0 = 36*n + 1588 - 11380. What are the prime factors of n?
2, 17
Let i(q) = 2*q**2 - 7. Suppose -r + 6*r + k = 17, -10 = -4*r + k. Let l be i(r). Suppose 6*a - l*a = -460. List the prime factors of a.
2, 23
Suppose -372 = -0*p - p - 5*u, 5*p = u + 1730. Suppose 4*q + 1218 = 302. Let y = p + q. List the prime factors of y.
2, 59
Let r(z) be the third derivative of 7*z**4/24 + 2*z**3/3 - 3*z**2. Let p(h) = 6*h - 47. Let s be p(9). List the prime factors of r(s).
53
Let l(k) = k**2 - 10*k + 30. Let n be l(6). Let r be 3*(-2)/n*-85. Let y = 148 - r. What are the prime factors of y?
3, 7
List the prime factors of (961 + -1009)*1*1744/(-6).
2, 109
Suppose -4*h - 2*p + 55436 - 11088 = 0, -3*p = h - 11077. What are the prime factors of h?
13, 853
Let v = 45467 + -26760. List the prime factors of v.
13, 1439
Let o be ((-19 + -8)/3)/(3 + -4). Suppose -5*h - 7*l = -o*l - 2164, -h + 440 = 2*l. What are the prime factors of h?
2, 7, 31
Let y be (56/6 + -6)*(-12)/(-10). Suppose 4*u - 2 = 14, y*v = 5*u + 56. Suppose 0 = 8*f + v - 867. What are the prime factors of f?
2, 53
Let g be 2 + 1 - (-461 - 6). Let k = 682 - g. What are the prime factors of k?
2, 53
Suppose -2*a + 2*h + 86230 = 0, -7633 + 136922 = 3*a + 5*h. What are the prime factors of a?
2, 13, 829
Suppose 50*y + 215 - 1265 = 0. Suppose 4*l + 24*j = y*j + 6480, 2*j - 6484 = -4*l. List the prime factors of l.
3, 541
Let z(f) = 21*f - 8. Let y be z(3). Let i = -87 + y. Let c = 26 - i. What are the prime factors of c?
2, 29
Suppose p - 2*p = -35. Let v = 34 - p. List the prime factors of -3 - -22 - 0/v.
19
Let y = 4160 + -175. What are the prime factors of y?
5, 797
Let o = 91 + -89. What are the prime factors of (-140)/o*(-8 + -2)?
2, 5, 7
Suppose 6*m = 13*m - 5551. Let f = -165 + m. What are the prime factors of f?
2, 157
Let i(c) = c**3 + 12*c**2 - 10*c - 11. Suppose -11*m + 65 = -12. Suppose 3*r - 32 = m*r + 4*j, -5*r = -5*j + 80. List the prime factors of i(r).
109
Suppose -9900 = 3*u - 18*u. Suppose -5*m + u = -2*i - 410, -4*m = 4*i - 856. What are the prime factors of -3*7/((-21)/m)?
2, 107
Let a = 366 + -374. Let u(k) = -70*k - 24. List the prime factors of u(a).
2, 67
Suppose -2*o - 3*o = -3*a + 10285, -2*a + 6820 = 4*o. Suppose -5*t + a = -14*t. Let s = t - -572. What are the prime factors of s?
2, 3
Let m(x) = -4*x + 78. Let g be m(20). Let y be 5 + g - 2 - -4. Suppose -5*t = 3*s - 705, 0 = -y*s - 2*t + 1399 - 224. What are the prime factors of s?
5, 47
Let k = 17 - -41046. What are the prime factors of k?
11, 3733
Let g(j) = -j**3 + 24*j**2 - 27*j + 46. Let a be g(17). Suppose 9*i = 4*i + a. What are the prime factors of i?
2, 7, 23
Let o = -180 + 1688. List the prime factors 